, what is -1 - -85026?
85025
In base 9, what is 2 + -145752?
-145750
In base 4, what is -3010 - -11220?
2210
In base 15, what is -18e + -9b7?
-b56
In base 4, what is 2303 + 3300121?
3303030
In base 14, what is -33c07 + -4?
-33c0b
In base 15, what is 0 - -2592c?
2592c
In base 9, what is -182245 + 3?
-182242
In base 9, what is -1364 + 1085?
-268
In base 7, what is -22 + -3144?
-3166
In base 12, what is -65663 - 3?
-65666
In base 8, what is 5 + 40202?
40207
In base 14, what is -263 + 410?
18b
In base 9, what is -50383 - 2?
-50385
In base 13, what is ba9 - -10?
bb9
In base 2, what is -1010 - 100010010110?
-100010100000
In base 2, what is 0 + -10100000011111?
-10100000011111
In base 14, what is 489b2c - 0?
489b2c
In base 6, what is -5533130 - -12?
-5533114
In base 16, what is e62 + 12?
e74
In base 3, what is -220 - -112200020?
112122100
In base 4, what is 121233 - -212?
122111
In base 14, what is 34aa6 - 0?
34aa6
In base 15, what is c - 774d?
-7741
In base 6, what is 252 - 10325?
-10033
In base 5, what is -43 - 3203110?
-3203203
In base 4, what is -3 - -220133110?
220133101
In base 9, what is 18368 - -23?
18402
In base 15, what is 1ccc + 150?
1e2c
In base 15, what is -350 + e85?
b35
In base 2, what is -11011 - 1001100011100?
-1001100110111
In base 8, what is -3 + 1445475?
1445472
In base 15, what is -1071 + -7?
-1078
In base 15, what is c - -1809?
1816
In base 7, what is -552 - 1331?
-2213
In base 14, what is -1b69 + -d6?
-1c61
In base 12, what is -1245a + a?
-12450
In base 13, what is 1b46 - 11?
1b35
In base 9, what is -36 + -2788?
-2835
In base 9, what is 172 + -15271?
-15088
In base 13, what is 2 + 29026?
29028
In base 9, what is -2124 - 35?
-2160
In base 2, what is -1 + -101011001111?
-101011010000
In base 9, what is -130482 + -5?
-130487
In base 4, what is -1 - 22003203?
-22003210
In base 15, what is -dac - cd?
-e8a
In base 3, what is 1222112 - -11012?
2010201
In base 4, what is 3003 - -321?
3330
In base 12, what is 167 - 91a?
-773
In base 13, what is -30c9 + 5?
-30c4
In base 16, what is af + -fc?
-4d
In base 13, what is -2312 - 4?
-2316
In base 9, what is 5 + -44615?
-44610
In base 13, what is 278b9c - 0?
278b9c
In base 12, what is -a - 3019b?
-301a9
In base 13, what is -1 + -36ab3?
-36ab4
In base 9, what is -5 - 37350?
-37355
In base 11, what is 6287 + -10?
6277
In base 13, what is -43335 - -1?
-43334
In base 16, what is -85 + 125?
a0
In base 5, what is 4230 + -212?
4013
In base 11, what is -30 + a41?
a11
In base 8, what is 14326 + -21?
14305
In base 4, what is -121 - 2231003?
-2231130
In base 4, what is 13 - -100010203?
100010222
In base 5, what is -322 - 224111?
-224433
In base 11, what is -3 - 2696?
-2699
In base 10, what is -2255 + 45?
-2210
In base 15, what is 25 + -2165?
-2140
In base 9, what is -1 - -685454?
685453
In base 3, what is -11 + -102200222?
-102201010
In base 10, what is 3 + 138928?
138931
In base 11, what is -6 + -6188?
-6193
In base 6, what is 305 - 3304?
-2555
In base 2, what is -10100 + 1001011111011?
1001011100111
In base 3, what is -100222 + 1220?
-22002
In base 6, what is 4110 + 22310?
30420
In base 3, what is 1002 - -20020020?
20021022
In base 13, what is 54 + 11c99?
12020
In base 16, what is -5 - -37beb?
37be6
In base 14, what is 81376 + 5?
8137b
In base 7, what is 13352 - 5?
13344
In base 9, what is -47857 - -55?
-47802
In base 5, what is -3 - 430100412?
-430100420
In base 16, what is -3 - 3cb0a?
-3cb0d
In base 5, what is -34 - -44441?
44402
In base 14, what is 102 + -21?
c1
In base 10, what is 2929176 + 5?
2929181
In base 13, what is 5 - 52a6a?
-52a65
In base 13, what is 37 + 1210?
1247
In base 15, what is -38 + 2b0?
277
In base 3, what is -2020 - -100212?
21122
In base 12, what is -1 - -232562?
232561
In base 9, what is 1208 - -215?
1424
In base 13, what is 3 - 167b50?
-167b4a
In base 10, what is 1860 - -34?
1894
In base 10, what is 12259 + -84?
12175
In base 11, what is 11 + -82?
-71
In base 5, what is -134 - 23331?
-24020
In base 12, what is -4 - -aa551?
aa549
In base 10, what is -18 + -183?
-201
In base 2, what is 1111101000111100 + 100?
1111101001000000
In base 8, what is 22 + -322?
-300
In base 12, what is -1 + 49bb?
49ba
In base 7, what is 0 + 43641?
43641
In base 13, what is 160 - -13?
173
In base 2, what is -11 + -100011000011000001?
-100011000011000100
In base 11, what is 0 + 67453?
67453
In base 9, what is 785 - 20?
765
In base 6, what is -34 - 5510?
-5544
In base 8, what is -3 - 15761?
-15764
In base 11, what is 9 + -820?
-812
In base 14, what is -4535c - 6?
-45364
In base 10, what is 194144 + 4?
194148
In base 3, what is -21201 + 221000?
122022
In base 4, what is -101201 + 33?
-101102
In base 4, what is -10 - 12113221?
-12113231
In base 9, what is 42868 + 13?
42882
In base 3, what is -211102120 - 2?
-211102122
In base 10, what is 2578 - -145?
2723
In base 2, what is -111001010 - -100110101?
-10010101
In base 6, what is 13230 + -3?
13223
In base 10, what is -8352 + -1?
-8353
In base 14, what is -3c7 - -115?
-2b2
In base 12, what is 3b - 599?
-55a
In base 5, what is -13041001 + 2?
-13040444
In base 10, what is 0 + 576540?
576540
In base 5, what is 10 - 33110?
-33100
In base 16, what is -2 - e662f?
-e6631
In base 5, what is 24413 + 211?
30124
In base 10, what is 1210 - 516?
694
In base 4, what is -22103 + -103?
-22212
In base 12, what is -28 + 954?
928
In base 4, what is 0 + -2112300?
-2112300
In base 5, what is -10 + -1443121?
-1443131
In base 16, what is -2 + 1be9d?
1be9b
In base 11, what is 2505 - a30?
1585
In base 8, what is 127543 + -22?
127521
In base 11, what is 15 + 2247?
2261
In base 10, what is 90 - 2233?
-2143
In base 12, what is -4 - -1a1?
199
In base 16, what is 20a9b - -7?
20aa2
In base 15, what is 150e2 - 4?
150dd
In base 10, what is -386 - -56?
-330
In base 2, what is 10110010100011110 - 101?
10110010100011001
In base 12, what is 194 - 3?
191
In base 10, what is 24 - -10389?
10413
In base 5, what is 0 + -224301?
-224301
In base 3, what is 22000 + -11?
21212
In base 15, what is 1b5cc + c?
1b5d9
In base 16, what is 45e839 + -1?
45e838
In base 8, what is -761560 - -3?
-761555
In base 15, what is -5 - -3103?
30ed
In base 11, what is -6 - -6198?
6192
In base 11, what is 27933 - 1?
27932
In base 2, what is 0 + -100001101110110?
-100001101110110
In base 16, what is -4 - -38d9?
38d5
In base 10, what is -5 + -78302?
-78307
In base 6, what is 52 - 21110?
-21014
In base 8, what is 0 + 45643?
45643
In base 4, what is 0 + 200120120?
200120120
In base 2, what is 10 - -100101001110100111?
100101001110101001
In base 13, what is 5a + -89b?
-841
In base 12, what is -120 + -3b?
-15b
In base 3, what is 11 + -11122111011?
-11122111000
In base 13, what is 660 - -57?
6b7
In base 12, what is 578 - 150?
428
In base 10, what is 9173 - 1?
9172
In base 15, what is -ab5e - 4?
-ab63
In base 15, what is -1e5bd - 2?
-1e5c0
In base 3, what is -1021011 - 22110?
-1120121
In base 9, what is 5 + 17531?
17536
In base 8, what is 177636 + 4?
177642
In base 16, what is 4 - 13ba?
-13b6
In base 3, what is 2002012021 + 10?
2002012101
In base 13, what is 2 - -84?
86
In base 14, what is 18dbc + 3?
18dc1
In base 14, what is -5 + 498c?
4987
In base 13, what is -513 + -13a?
-650
In base 14, what is -71b92 - 2?
-71b94
In base 5, what is -344 - -423?
24
In base 16, what is 55 - -9e7?
a3c
In base 7, what is -30 + 2415?
2355
In base 8, what is -176 + -70?
-266
In base 15, what is -979 - -1a?
-95e
In base 6, what is 22 - -252122?
252144
In base 11, what is -196 - 17?
-202
In base 6, what is 5023 + -1224?
3355
In base 2, what is -1001010100111111111 - -10000?
-1001010100111101111
In base 9, what is 7 - 135855?
-135847
In base 14, what is 0 - -c8952?
c8952
In base 2, what is 10011100 - 1010001111101?
-1001111100001
In base 3, what is 101121211 + -11210?
101110001
In base 9, what is -4 - -7047?
7043
In base 3, what is 1000202000 + 2?
1000202002
In base 14, what is 4 - -32b55?
32b59
In base 5, what is -334 - -2123?
1234
In base 11, what is -3 + 125242?
12523a
In base 15, what is -143 + 1b3?
70
In base 11, what is -8 - -16709?
16701
In base 14, what is -1 + 15d67?
15d66
In base 7, what is 1 - -443441?
443442
In base 8, what is -127 - -6?
-121
In base 3, what is -11 - -201121220?
201121202
In base 15, what is cd4 - 48d?
846
In base 10, what 